{"id":18155,"date":"2025-07-28T13:19:16","date_gmt":"2025-07-28T13:19:16","guid":{"rendered":"https:\/\/perusini-new.ensoul.works\/gianpietro-carlesso\/"},"modified":"2025-10-20T14:41:14","modified_gmt":"2025-10-20T14:41:14","slug":"gianpietro-carlesso","status":"publish","type":"page","link":"https:\/\/perusini-new.ensoul.works\/de\/gianpietro-carlesso\/","title":{"rendered":"Gianpietro Carlesso"},"content":{"rendered":"\n<h1 class=\"block max-w-container-heading! leading-line-height-heading tracking-heading font-heading text-center  !mx-auto md:mb-3xl text-h1! md:text-heading-lg! wp-elements-9323108823162ecd90ee1ad6252dac29 wp-block-ensoul-heading has-text-color has-primary-500-color\" id=\"heading-40c4a6\">\n                Gianpietro Carlesso        <\/h1>\n<p class=\"leading-line-height-paragraph tracking-paragraph font-paragraph max-w-container-paragraph text-center !mx-auto w-auto my-xl md:m-0 text-paragraph-xl! md:text-paragraph-3xl! p-sost wp-elements-f403a91873cf800463c3d1c75f12bb45 has-text-color has-primary-500-color\" id=\"paragraph-40cb3b\"> Die Faszination f\u00fcr das reine Material und die Suche nach einer definierten Form, die dem Material Bedeutung verleiht, ohne ihm seine nat\u00fcrliche Ausdruckskraft zu nehmen, sind die Hauptmerkmale der Arbeit von Gianpietro Carlesso \u2013 die festen Bezugspunkte, die seinen Werdegang von den Anf\u00e4ngen bis heute koh\u00e4rent und erkennbar machen, in seiner langsamen, progressiven und intensiven Entwicklung.<\/p>\n    <div class=\"image-section flex flex-col w-full  md:my-4xl text-paragraph-base! degustazione-page-img wp-block-ensoul-image\" id=\"image-40cf25\">\n\n    <!-- Desktop Image -->\n    <figure class=\"relative !mx-auto original max-md:hidden m-0 p-0\">\n                                <img decoding=\"async\" \n                width=\"765\"\n                height=\"370\"\n                src=\"https:\/\/perusini-new.ensoul.works\/wp-content\/uploads\/2025\/07\/carlesso1-3.jpg\" \n                alt=\"Image\" \n                data-title=\"Gianpietro Carlesso\"\n                                loading=\"lazy\"\n                class=\"w-full object-cover \"\n                style=\"object-position: 50% 50%;\"\n            \/>\n        \n            <\/figure>\n\n<!-- Mobile Image -->\n<figure class=\"relative !mx-auto original md:hidden m-0 p-0\">\n            <img decoding=\"async\"\n        class=\"object-cover  w-full\"\n        src=\"https:\/\/perusini-new.ensoul.works\/wp-content\/uploads\/2025\/07\/carlesso1-3.jpg\"\n        width=\"765\"\n        height=\"370\"\n        alt=\"Image\"\n        data-title=\"Gianpietro Carlesso\"\n        style=\"object-position: 50% 50%;\"\n                loading=\"lazy\"\n    >\n    \n        <\/figure>\n\n    <\/div>\n\n<p class=\"leading-line-height-paragraph tracking-paragraph font-paragraph max-w-container-paragraph text-center !mx-auto my-2xl md:my-4xl text-paragraph-base! md:text-paragraph-xl! wp-elements-b78816f2e01561b521f6e2b8ab0068d6 has-text-color has-primary-500-color\" id=\"paragraph-40d837\"> Der Wunsch, die Rationalit\u00e4t der Form mit der Nat\u00fcrlichkeit des jeweils f\u00fcr die Skulptur gew\u00e4hlten Materials zu verbinden, ist in der Tat eine Konstante, bei der der innere Dialog jedes Werkes einerseits darauf abzielt, die intime und verborgene Sch\u00f6nheit der Natur zu offenbaren, andererseits diese aus der Situation des Momentanen zu abstrahieren, um sie einer Ewigkeit zuzuf\u00fchren, wie sie nur in der Welt der Kunst existiert.<\/p>\n    <div class=\"image-section flex flex-col w-full  md:my-4xl text-paragraph-base! degustazione-page-img wp-block-ensoul-image\" id=\"image-40dbe4\">\n\n    <!-- Desktop Image -->\n    <figure class=\"relative !mx-auto original max-md:hidden m-0 p-0\">\n                                <img decoding=\"async\" \n                width=\"260\"\n                height=\"260\"\n                src=\"https:\/\/perusini-new.ensoul.works\/wp-content\/uploads\/2025\/07\/carlesso2-3.jpg\" \n                alt=\"Image\" \n                data-title=\"Gianpietro Carlesso\"\n                                loading=\"lazy\"\n                class=\"w-full object-cover \"\n                style=\"object-position: 50% 50%;\"\n            \/>\n        \n            <\/figure>\n\n<!-- Mobile Image -->\n<figure class=\"relative !mx-auto original md:hidden m-0 p-0\">\n            <img decoding=\"async\"\n        class=\"object-cover  w-full\"\n        src=\"https:\/\/perusini-new.ensoul.works\/wp-content\/uploads\/2025\/07\/carlesso2-3.jpg\"\n        width=\"260\"\n        height=\"260\"\n        alt=\"Image\"\n        data-title=\"Gianpietro Carlesso\"\n        style=\"object-position: 50% 50%;\"\n                loading=\"lazy\"\n    >\n    \n        <\/figure>\n\n    <\/div>\n\n<div class=\"ensoul-columns-section w-full relative default wp-elements-e62d1ac50edd07dadf2b833e42943922 wp-block-ensoul-columns has-text-color has-primary-500-color\" id=\"columns-40eb10\">\n            <div class=\"ensoul-columns-block grid gap-columns md:grid-cols-2 mt-2xl mb-l md:mt-4xl md:mb-0 text-paragraph-base!\">\n            \n\n<div class=\"ensoul-column-wrapper text-paragraph-base! wp-block-ensoul-column\" id=\"column-40e3d2\">\n    <div class=\"column flex flex-col h-full min-w-0 break-words justify-start\">\n                    \n\n<p class=\"leading-line-height-paragraph tracking-paragraph font-paragraph max-w-container-paragraph text-left text-paragraph-base! md:text-paragraph-lg!\" id=\"paragraph-40e1f4\">Le opere di qualche anno fa giocavano sul filo del rasoio del rapporto tra organico e inorganico, giungendo ad un bilico perfetto e assolutamente irresolubile tra le due componenti, tale da poter riassumere l\u2019essenza stessa della natura. Assommate alle costruzioni e alle \u201cdecostruzioni\u201d testimoniate dalle opere ancora precedenti segnavano un procedere della ricerca verso l\u2019identificazione della forma astratta razionale nella forma naturale accidentale. <\/p>\n            <\/div>\n<\/div>\n\n\n<div class=\"ensoul-column-wrapper text-paragraph-base! wp-block-ensoul-column\" id=\"column-40e990\">\n    <div class=\"column flex flex-col h-full min-w-0 break-words justify-start\">\n                    \n\n<p class=\"leading-line-height-paragraph tracking-paragraph font-paragraph max-w-container-paragraph text-left mb-s md:mb-s text-paragraph-base! md:text-paragraph-lg!\" id=\"paragraph-40e80c\">Das Zusammenwirken von rationaler Impulsgebung und nat\u00fcrlicher Sch\u00f6nheit f\u00fchrt gewisserma\u00dfen zu dem Bestreben nach einer Symbiose zwischen K\u00fcnstler und Material, in der der Autor scheinbar die Spuren Klees nachgeht.<\/p>\n            <\/div>\n<\/div>\n        <\/div>\n    <\/div>\n<div class=\"ensoul-columns-section w-full relative default wp-elements-a93ba31c60af4e83446c1772c6a00b44 wp-block-ensoul-columns has-text-color has-primary-500-color\" id=\"columns-410023\">\n            <div class=\"ensoul-columns-block grid gap-columns md:grid-cols-2 mb-4xl md:mt-2xl md:mb-8xl text-paragraph-base!\">\n            \n\n<div class=\"ensoul-column-wrapper text-paragraph-base! wp-block-ensoul-column\" id=\"column-40f3c2\">\n    <div class=\"column flex flex-col h-full min-w-0 break-words justify-start\">\n                    \n\n<p class=\"leading-line-height-paragraph tracking-paragraph font-paragraph max-w-container-paragraph text-left text-paragraph-base! md:text-paragraph-lg!\" id=\"paragraph-40f11c\"> Als Paul Klee davon sprach, aus dem Lebenssaft und den von ihm so genannten \u201egestaltenden Kr\u00e4ften\u201c der Natur sch\u00f6pfen zu wollen, bezog er sich auf die Wurzeln des Baumes, um seine pers\u00f6nliche Darstellung einer nat\u00fcrlichen, aber nicht unbedingt naturalistischen Realit\u00e4t zu schaffen, die vielmehr in sich die Kraft, das Geheimnis und den Reiz der Natur tr\u00e4gt; und seine Werke waren gleichzeitig abstrakt und fig\u00fcrlich, zugleich unwirklich und real, streng und fantasievoll.<br \/>\n Die gleichen Konzepte von Rationalit\u00e4t und Nat\u00fcrlichkeit, von abstraktem Modell und organischer Struktur erscheinen in den Werken Carlessos austauschbar, dort, wo er versucht, die verborgene Harmonie der Pflanzen zu reproduzieren, sie manchmal der unf\u00f6rmigen Materialit\u00e4t des Felsens oder, umgekehrt, der klaren Geometrie des Marmors gegen\u00fcberstellend. Oder dort, wo er beschlie\u00dft, dem nat\u00fcrlichen Eingriff auf die reine Form des Ausgangsmodells Ausdruck zu verleihen, seinen Verlauf zu zeichnen und seine Entwicklung nachzuzeichnen. <\/p>\n            <\/div>\n<\/div>\n\n\n<div class=\"ensoul-column-wrapper text-paragraph-base! wp-block-ensoul-column\" id=\"column-40fedf\">\n    <div class=\"column flex flex-col h-full min-w-0 break-words justify-start\">\n                    \n\n<p class=\"leading-line-height-paragraph tracking-paragraph font-paragraph max-w-container-paragraph text-left mb-s md:mb-s text-paragraph-base! md:text-paragraph-lg!\" id=\"paragraph-40f83b\">Doch gerade in den j\u00fcngsten Werken werden Abstraktion und Konkretion deutlich zu zwei Seiten derselben Medaille.<br \/>\n Der Samen, ein Motiv, das den K\u00fcnstler in seiner aktuellen Forschungsphase besonders fasziniert, vereint die beiden Aspekte: nat\u00fcrlich \u2013 rational, konkret \u2013 abstrakt, einzigartig und absolut.<br \/>\n Ein Samen, der in seiner elementaren, reinen, einfachen, wesentlichen Form den Entwurfsplan einer zuk\u00fcnftigen Gestalt in sich tr\u00e4gt, abgeleitet aus einem Schatz an uraltem Ged\u00e4chtnis: Er enth\u00e4lt ein eigenes DNA, dessen plastische Struktur absolut vollkommen und abgeschlossen ist.<br \/>\n Der Samen als Ausgangspunkt und zugleich Endpunkt f\u00fcr die Idee der Sch\u00f6pfung und die Sch\u00f6pfung selbst.<\/p>\n\n\n<p class=\"leading-line-height-paragraph tracking-paragraph font-paragraph max-w-container-paragraph text-left mb-s md:mb-s text-paragraph-base! md:text-paragraph-lg!\" id=\"paragraph-40fcc9\">&#8211; Franca Marri, Mai 2006<\/p>\n            <\/div>\n<\/div>\n        <\/div>\n    <\/div>","protected":false},"excerpt":{"rendered":"","protected":false},"author":5,"featured_media":0,"parent":0,"menu_order":0,"comment_status":"closed","ping_status":"closed","template":"","meta":{"_acf_changed":false,"tipologia":"","footnotes":""},"class_list":["post-18155","page","type-page","status-publish","hentry"],"acf":[],"mb":[],"mfb_rest_fields":["title"],"_links":{"self":[{"href":"https:\/\/perusini-new.ensoul.works\/de\/wp-json\/wp\/v2\/pages\/18155","targetHints":{"allow":["GET"]}}],"collection":[{"href":"https:\/\/perusini-new.ensoul.works\/de\/wp-json\/wp\/v2\/pages"}],"about":[{"href":"https:\/\/perusini-new.ensoul.works\/de\/wp-json\/wp\/v2\/types\/page"}],"author":[{"embeddable":true,"href":"https:\/\/perusini-new.ensoul.works\/de\/wp-json\/wp\/v2\/users\/5"}],"replies":[{"embeddable":true,"href":"https:\/\/perusini-new.ensoul.works\/de\/wp-json\/wp\/v2\/comments?post=18155"}],"version-history":[{"count":1,"href":"https:\/\/perusini-new.ensoul.works\/de\/wp-json\/wp\/v2\/pages\/18155\/revisions"}],"predecessor-version":[{"id":18156,"href":"https:\/\/perusini-new.ensoul.works\/de\/wp-json\/wp\/v2\/pages\/18155\/revisions\/18156"}],"wp:attachment":[{"href":"https:\/\/perusini-new.ensoul.works\/de\/wp-json\/wp\/v2\/media?parent=18155"}],"curies":[{"name":"wp","href":"https:\/\/api.w.org\/{rel}","templated":true}]}}

<h1 class="block max-w-container-heading! leading-line-height-heading tracking-heading font-heading text-center  !mx-auto md:mb-3xl text-h1! md:text-heading-lg! wp-elements-9323108823162ecd90ee1ad6252dac29 wp-block-ensoul-heading has-text-color has-primary-500-color" id="heading-40c4a6">
                Gianpietro Carlesso        </h1>
<p class="leading-line-height-paragraph tracking-paragraph font-paragraph max-w-container-paragraph text-center !mx-auto w-auto my-xl md:m-0 text-paragraph-xl! md:text-paragraph-3xl! p-sost wp-elements-f403a91873cf800463c3d1c75f12bb45 has-text-color has-primary-500-color" id="paragraph-40cb3b"> Die Faszination für das reine Material und die Suche nach einer definierten Form, die dem Material Bedeutung verleiht, ohne ihm seine natürliche Ausdruckskraft zu nehmen, sind die Hauptmerkmale der Arbeit von Gianpietro Carlesso – die festen Bezugspunkte, die seinen Werdegang von den Anfängen bis heute kohärent und erkennbar machen, in seiner langsamen, progressiven und intensiven Entwicklung.</p>
    <div class="image-section flex flex-col w-full  md:my-4xl text-paragraph-base! degustazione-page-img wp-block-ensoul-image" id="image-40cf25">

    <!-- Desktop Image -->
    <figure class="relative !mx-auto original max-md:hidden m-0 p-0">
                                <img decoding="async" 
                width="765"
                height="370"
                src="https://perusini-new.ensoul.works/wp-content/uploads/2025/07/carlesso1-3.jpg" 
                alt="Image" 
                data-title="Gianpietro Carlesso"
                                loading="lazy"
                class="w-full object-cover "
                style="object-position: 50% 50%;"
            />
        
            </figure>

<!-- Mobile Image -->
<figure class="relative !mx-auto original md:hidden m-0 p-0">
            <img decoding="async"
        class="object-cover  w-full"
        src="https://perusini-new.ensoul.works/wp-content/uploads/2025/07/carlesso1-3.jpg"
        width="765"
        height="370"
        alt="Image"
        data-title="Gianpietro Carlesso"
        style="object-position: 50% 50%;"
                loading="lazy"
    >
    
        </figure>

    </div>

<p class="leading-line-height-paragraph tracking-paragraph font-paragraph max-w-container-paragraph text-center !mx-auto my-2xl md:my-4xl text-paragraph-base! md:text-paragraph-xl! wp-elements-b78816f2e01561b521f6e2b8ab0068d6 has-text-color has-primary-500-color" id="paragraph-40d837"> Der Wunsch, die Rationalität der Form mit der Natürlichkeit des jeweils für die Skulptur gewählten Materials zu verbinden, ist in der Tat eine Konstante, bei der der innere Dialog jedes Werkes einerseits darauf abzielt, die intime und verborgene Schönheit der Natur zu offenbaren, andererseits diese aus der Situation des Momentanen zu abstrahieren, um sie einer Ewigkeit zuzuführen, wie sie nur in der Welt der Kunst existiert.</p>
    <div class="image-section flex flex-col w-full  md:my-4xl text-paragraph-base! degustazione-page-img wp-block-ensoul-image" id="image-40dbe4">

    <!-- Desktop Image -->
    <figure class="relative !mx-auto original max-md:hidden m-0 p-0">
                                <img decoding="async" 
                width="260"
                height="260"
                src="https://perusini-new.ensoul.works/wp-content/uploads/2025/07/carlesso2-3.jpg" 
                alt="Image" 
                data-title="Gianpietro Carlesso"
                                loading="lazy"
                class="w-full object-cover "
                style="object-position: 50% 50%;"
            />
        
            </figure>

<!-- Mobile Image -->
<figure class="relative !mx-auto original md:hidden m-0 p-0">
            <img decoding="async"
        class="object-cover  w-full"
        src="https://perusini-new.ensoul.works/wp-content/uploads/2025/07/carlesso2-3.jpg"
        width="260"
        height="260"
        alt="Image"
        data-title="Gianpietro Carlesso"
        style="object-position: 50% 50%;"
                loading="lazy"
    >
    
        </figure>

    </div>

<div class="ensoul-columns-section w-full relative default wp-elements-e62d1ac50edd07dadf2b833e42943922 wp-block-ensoul-columns has-text-color has-primary-500-color" id="columns-40eb10">
            <div class="ensoul-columns-block grid gap-columns md:grid-cols-2 mt-2xl mb-l md:mt-4xl md:mb-0 text-paragraph-base!">
            

<div class="ensoul-column-wrapper text-paragraph-base! wp-block-ensoul-column" id="column-40e3d2">
    <div class="column flex flex-col h-full min-w-0 break-words justify-start">
                    

<p class="leading-line-height-paragraph tracking-paragraph font-paragraph max-w-container-paragraph text-left text-paragraph-base! md:text-paragraph-lg!" id="paragraph-40e1f4">Le opere di qualche anno fa giocavano sul filo del rasoio del rapporto tra organico e inorganico, giungendo ad un bilico perfetto e assolutamente irresolubile tra le due componenti, tale da poter riassumere l’essenza stessa della natura. Assommate alle costruzioni e alle “decostruzioni” testimoniate dalle opere ancora precedenti segnavano un procedere della ricerca verso l’identificazione della forma astratta razionale nella forma naturale accidentale. </p>
            </div>
</div>


<div class="ensoul-column-wrapper text-paragraph-base! wp-block-ensoul-column" id="column-40e990">
    <div class="column flex flex-col h-full min-w-0 break-words justify-start">
                    

<p class="leading-line-height-paragraph tracking-paragraph font-paragraph max-w-container-paragraph text-left mb-s md:mb-s text-paragraph-base! md:text-paragraph-lg!" id="paragraph-40e80c">Das Zusammenwirken von rationaler Impulsgebung und natürlicher Schönheit führt gewissermaßen zu dem Bestreben nach einer Symbiose zwischen Künstler und Material, in der der Autor scheinbar die Spuren Klees nachgeht.</p>
            </div>
</div>
        </div>
    </div>
<div class="ensoul-columns-section w-full relative default wp-elements-a93ba31c60af4e83446c1772c6a00b44 wp-block-ensoul-columns has-text-color has-primary-500-color" id="columns-410023">
            <div class="ensoul-columns-block grid gap-columns md:grid-cols-2 mb-4xl md:mt-2xl md:mb-8xl text-paragraph-base!">
            

<div class="ensoul-column-wrapper text-paragraph-base! wp-block-ensoul-column" id="column-40f3c2">
    <div class="column flex flex-col h-full min-w-0 break-words justify-start">
                    

<p class="leading-line-height-paragraph tracking-paragraph font-paragraph max-w-container-paragraph text-left text-paragraph-base! md:text-paragraph-lg!" id="paragraph-40f11c"> Als Paul Klee davon sprach, aus dem Lebenssaft und den von ihm so genannten „gestaltenden Kräften“ der Natur schöpfen zu wollen, bezog er sich auf die Wurzeln des Baumes, um seine persönliche Darstellung einer natürlichen, aber nicht unbedingt naturalistischen Realität zu schaffen, die vielmehr in sich die Kraft, das Geheimnis und den Reiz der Natur trägt; und seine Werke waren gleichzeitig abstrakt und figürlich, zugleich unwirklich und real, streng und fantasievoll.<br />
 Die gleichen Konzepte von Rationalität und Natürlichkeit, von abstraktem Modell und organischer Struktur erscheinen in den Werken Carlessos austauschbar, dort, wo er versucht, die verborgene Harmonie der Pflanzen zu reproduzieren, sie manchmal der unförmigen Materialität des Felsens oder, umgekehrt, der klaren Geometrie des Marmors gegenüberstellend. Oder dort, wo er beschließt, dem natürlichen Eingriff auf die reine Form des Ausgangsmodells Ausdruck zu verleihen, seinen Verlauf zu zeichnen und seine Entwicklung nachzuzeichnen. </p>
            </div>
</div>


<div class="ensoul-column-wrapper text-paragraph-base! wp-block-ensoul-column" id="column-40fedf">
    <div class="column flex flex-col h-full min-w-0 break-words justify-start">
                    

<p class="leading-line-height-paragraph tracking-paragraph font-paragraph max-w-container-paragraph text-left mb-s md:mb-s text-paragraph-base! md:text-paragraph-lg!" id="paragraph-40f83b">Doch gerade in den jüngsten Werken werden Abstraktion und Konkretion deutlich zu zwei Seiten derselben Medaille.<br />
 Der Samen, ein Motiv, das den Künstler in seiner aktuellen Forschungsphase besonders fasziniert, vereint die beiden Aspekte: natürlich – rational, konkret – abstrakt, einzigartig und absolut.<br />
 Ein Samen, der in seiner elementaren, reinen, einfachen, wesentlichen Form den Entwurfsplan einer zukünftigen Gestalt in sich trägt, abgeleitet aus einem Schatz an uraltem Gedächtnis: Er enthält ein eigenes DNA, dessen plastische Struktur absolut vollkommen und abgeschlossen ist.<br />
 Der Samen als Ausgangspunkt und zugleich Endpunkt für die Idee der Schöpfung und die Schöpfung selbst.</p>


<p class="leading-line-height-paragraph tracking-paragraph font-paragraph max-w-container-paragraph text-left mb-s md:mb-s text-paragraph-base! md:text-paragraph-lg!" id="paragraph-40fcc9">&#8211; Franca Marri, Mai 2006</p>
            </div>
</div>
        </div>
    </div>
